{"id":17,"date":"2017-07-11T20:39:41","date_gmt":"2017-07-11T18:39:41","guid":{"rendered":"http:\/\/sonnenblick-pirna.de\/blog\/?page_id=17"},"modified":"2023-09-14T09:18:43","modified_gmt":"2023-09-14T07:18:43","slug":"startseite","status":"publish","type":"page","link":"http:\/\/sonnenblick-pirna.de\/blog\/","title":{"rendered":"Sonnenblick e.V. Pirna"},"content":{"rendered":"<p>Vor 100 Jahren am 28.04.1923 wurde auf einer Versammlung von einigen wenigen Gartenfreunden aus dem heutigen Wohngebiet Kohlbergstra\u00dfe \u00fcber den Antrag des Gartenfreundes Kurt B\u00f6hmer \u00fcber die Gr\u00fcndung einer Gartenkolonie debattiert.<br \/>\nDie Zeiten waren schlecht, den Menschen ging es nicht so gut. Es herrschte \u00fcberwiegend gro\u00dfe Not u.a. durch Inflation. Es gab Hunger, Tuberkulose Kranke und kinderreiche Familien. Genau diese waren die Zielgruppe f\u00fcr den Antrag und die Pr\u00e4misse f\u00fcr die Vergabe von Schreberg\u00e4rten.<br \/>\nAlle Anwesenden der Versammlung stimmten dem Antrag zu. Als Vereinsname wurde \u00fcber &#8222;Sonnenblick&#8220;, &#8222;Harmonie&#8220; oder &#8222;Eintracht&#8220; abgestimmt. Der Schrebergartenverein &#8222;Sonnenblick&#8220; war damit gegr\u00fcndet.<\/p>\n<p>Zu Beginn waren 22 G\u00e4rten geplant, die als Nutzg\u00e4rten (Obst- und Gem\u00fcseanbau) angelegt werden sollten. Vor der g\u00e4rtnerischen Arbeit gab es allerdings einige H\u00fcrden zu nehmen. Das ging auch damals nicht problemlos vonstatten. Land musste erworben werden, Gegner der Kleingartenbewegung \u00fcberzeugt werden und angemessener Pachtzins verhandelt werden, damit dieser auch von den P\u00e4chtern trotz Inflation gezahlt werden konnte.<br \/>\nAber der Flei\u00df der Gartenfreunde und die Hartn\u00e4ckigkeit des Vorstandes bei allen zust\u00e4ndigen Beh\u00f6rden f\u00fchrte nach und nach zum Erfolg. Damals, wie heute, gab und gibt es viele Vorschriften und Verfahrenswege, die es einzuhalten galt und gilt.<br \/>\nMit der Zeit, und wenn etwas Geld in der Vereinskasse war, wurden f\u00fcr alle in der Sparte nutzbare, Werkzeuge und Ger\u00e4te angeschafft.<br \/>\nNeben der Entstehung und Pflege der G\u00e4rten, entwickelte sich ein gutes Vereinsleben. F\u00fcr die Kinder entstand eine Spielgruppe. Es wurde gebastelt, getanzt, Theater gespielt und sich auch ganz nebenbei bei gutem Wetter an der frischen Luft aufgehalten.<br \/>\nEine Mandolinengruppe f\u00fcr alle Altersgruppen wurde gegr\u00fcndet. Es gab j\u00e4hrliche Kinderfeste, Weihnachtsfeiern und in der n\u00e4heren Umgebung \u00f6ffentliche Auftritte.<br \/>\nBereits 1930 erhielt der Verein einen Ehrenpreis f\u00fcr Aktivit\u00e4ten im Gartenbau, der Obstpflege und der Entwicklung des geselligen Lebens.<br \/>\n1931, 8 Jahre nach der Gr\u00fcndung, z\u00e4hlte der Verein bereits 130 Mitglieder.<br \/>\nHeute sind 176 G\u00e4rten auf einer Fl\u00e4che von 37.570 m\u00b2 angelegt. Damit ist unsere Sparte eine der fl\u00e4chenm\u00e4\u00dfig Gr\u00f6\u00dften im Territorialverband &#8222;S\u00e4chsische Schweiz&#8220; der Gartenfreunde e.V..<\/p>\n<p>Durch den Zusammenhalt der Gartenfreunde wurden und werden Ereignisse, die alle betreffen, gemeinsam bew\u00e4ltigt. Ereignisse, wie Inflation, Krieg und mehrere Unwetterkatastrophen, um nur einige zu nennen. Es wurde und wird immer nach vorn geschaut.<br \/>\nWer zusammen arbeitet und seine Freizeit verbringt, feiert auch gern. Was bei einigen K\u00e4sten Bier in der &#8222;Feuchten Ecke&#8220; im Garten von Hermann Gieschler begann, wurde von 1924 bis 1959 von ihm, in der mittlerweile erbauten Gartenbaude, fortgef\u00fchrt. Bis heute wird das Gartenlokal \u00f6ffentlich bewirtschaftet, d.h. nicht nur die Gartenfreunde sind willkommen.<br \/>\nNicht unerw\u00e4hnt sollten auch die, von Gr\u00fcndung an, f\u00fcr jeden Gartenp\u00e4chter festgelegten j\u00e4hrlich zu erbringenden Pflichtstunden sein. Nur so beh\u00e4lt eine Gemeinschaftsanlage ein, f\u00fcr alle Nutzer und Besucher, gepflegtes Erscheinungsbild.<br \/>\nDie Gemeinsamkeit ist also bis heute erhalten geblieben. Es wird gearbeitet (gepflanzt, gepflegt, geerntet), sich erholt, &#8222;\u00fcber den Gartenzaun&#8220; ausgetauscht und gern zusammen gefeiert.<br \/>\nWer zuk\u00fcnftig einen Garten bewirtschaften m\u00f6chte, kann uns immer ansprechen. Neug\u00e4rtner sind herzlich willkommen. Informationen \u00fcber freie G\u00e4rten <a href=\"http:\/\/sonnenblick-pirna.de\/blog\/freie-gaerten\/\">hier.<\/a><\/p>\n<p>&nbsp;<\/p>\n<p>Unser Vereinslokal ist unter <a href=\"tel:+49173 7897081\">Tel.: 0173 7897081<\/a> zu erreichen. <a href=\"http:\/\/sonnenblick-pirna.de\/blog\/vereinslokal\/\">\u00d6ffnungszeiten hier<\/a>.<\/p>\n<p>Es wird bewirtschaftet von Fam. Wiebershausen und bietet saisonale Speisen und gepflegte Biere.<\/p>\n<p>&nbsp;<\/p>\n","protected":false},"excerpt":{"rendered":"<p>Vor 100 Jahren am 28.04.1923 wurde auf einer Versammlung von einigen wenigen Gartenfreunden aus dem heutigen Wohngebiet Kohlbergstra\u00dfe \u00fcber den Antrag des Gartenfreundes Kurt B\u00f6hmer \u00fcber die Gr\u00fcndung einer Gartenkolonie debattiert. Die Zeiten waren schlecht, den Menschen ging es nicht so gut. Es herrschte \u00fcberwiegend gro\u00dfe Not u.a. durch Inflation. Es gab Hunger, Tuberkulose Kranke [&hellip;]<\/p>\n","protected":false},"author":1,"featured_media":123,"parent":0,"menu_order":0,"comment_status":"closed","ping_status":"closed","template":"","meta":{"footnotes":""},"class_list":["post-17","page","type-page","status-publish","has-post-thumbnail","hentry"],"_links":{"self":[{"href":"http:\/\/sonnenblick-pirna.de\/blog\/wp-json\/wp\/v2\/pages\/17","targetHints":{"allow":["GET"]}}],"collection":[{"href":"http:\/\/sonnenblick-pirna.de\/blog\/wp-json\/wp\/v2\/pages"}],"about":[{"href":"http:\/\/sonnenblick-pirna.de\/blog\/wp-json\/wp\/v2\/types\/page"}],"author":[{"embeddable":true,"href":"http:\/\/sonnenblick-pirna.de\/blog\/wp-json\/wp\/v2\/users\/1"}],"replies":[{"embeddable":true,"href":"http:\/\/sonnenblick-pirna.de\/blog\/wp-json\/wp\/v2\/comments?post=17"}],"version-history":[{"count":8,"href":"http:\/\/sonnenblick-pirna.de\/blog\/wp-json\/wp\/v2\/pages\/17\/revisions"}],"predecessor-version":[{"id":729,"href":"http:\/\/sonnenblick-pirna.de\/blog\/wp-json\/wp\/v2\/pages\/17\/revisions\/729"}],"wp:featuredmedia":[{"embeddable":true,"href":"http:\/\/sonnenblick-pirna.de\/blog\/wp-json\/wp\/v2\/media\/123"}],"wp:attachment":[{"href":"http:\/\/sonnenblick-pirna.de\/blog\/wp-json\/wp\/v2\/media?parent=17"}],"curies":[{"name":"wp","href":"https:\/\/api.w.org\/{rel}","templated":true}]}}